by 275?
263
Calculate the remainder when 1802 is divided by 599.
5
What is the remainder when 2389 is divided by 298?
5
What is the remainder when 175 is divided by 44?
43
What is the remainder when 3607 is divided by 22?
21
What is the remainder when 3545 is divided by 29?
7
Calculate the remainder when 427 is divided by 11.
9
What is the remainder when 319 is divided by 7?
4
Calculate the remainder when 531 is divided by 6.
3
What is the remainder when 622 is divided by 197?
31
What is the remainder when 42 is divided by 15?
12
What is the remainder when 117 is divided by 68?
49
What is the remainder when 712 is divided by 13?
10
What is the remainder when 722 is divided by 65?
7
Calculate the remainder when 119 is divided by 64.
55
What is the remainder when 1568 is divided by 510?
38
Calculate the remainder when 14903 is divided by 36.
35
Calculate the remainder when 458 is divided by 116.
110
What is the remainder when 2886 is divided by 19?
17
Calculate the remainder when 5242 is divided by 77.
6
What is the remainder when 32 is divided by 13?
6
What is the remainder when 268 is divided by 6?
4
Calculate the remainder when 412 is divided by 27.
7
What is the remainder when 764 is divided by 187?
16
Calculate the remainder when 1220 is divided by 37.
36
Calculate the remainder when 3536 is divided by 118.
114
Calculate the remainder when 374 is divided by 10.
4
What is the remainder when 1900 is divided by 16?
12
What is the remainder when 308 is divided by 80?
68
Calculate the remainder when 274 is divided by 143.
131
What is the remainder when 8185 is divided by 14?
9
Calculate the remainder when 323 is divided by 66.
59
Calculate the remainder when 210 is divided by 27.
21
Calculate the remainder when 414 is divided by 52.
50
Calculate the remainder when 34 is divided by 15.
4
What is the remainder when 824 is divided by 23?
19
Calculate the remainder when 627 is divided by 112.
67
What is the remainder when 258 is divided by 26?
24
What is the remainder when 3450 is divided by 203?
202
Calculate the remainder when 5098 is divided by 12.
10
What is the remainder when 364 is divided by 73?
72
Calculate the remainder when 2521 is divided by 4.
1
Calculate the remainder when 1186 is divided by 61.
27
What is the remainder when 334 is divided by 12?
10
Calculate the remainder when 11 is divided by 4.
3
Calculate the remainder when 15651 is divided by 26.
25
What is the remainder when 3644 is divided by 41?
36
Calculate the remainder when 64 is divided by 27.
10
Calculate the remainder when 176 is divided by 174.
2
Calculate the remainder when 27 is divided by 15.
12
What is the remainder when 2085 is divided by 209?
204
What is the remainder when 7323 is divided by 9?
6
Calculate the remainder when 438 is divided by 141.
15
Calculate the remainder when 1534 is divided by 96.
94
What is the remainder when 124 is divided by 34?
22
What is the remainder when 39 is divided by 8?
7
Calculate the remainder when 18696 is divided by 23.
20
Calculate the remainder when 91 is divided by 3.
1
Calculate the remainder when 409 is divided by 146.
117
What is the remainder when 42 is divided by 12?
6
Calculate the remainder when 2106 is divided by 6.
0
What is the remainder when 1827 is divided by 102?
93
What is the remainder when 5783 is divided by 641?
14
What is the remainder when 16712 is divided by 61?
59
Calculate the remainder when 58 is divided by 8.
2
Calculate the remainder when 64 is divided by 26.
12
What is the remainder when 256 is divided by 29?
24
Calculate the remainder when 195 is divided by 25.
20
Calculate the remainder when 179 is divided by 92.
87
What is the remainder when 120 is divided by 28?
8
Calculate the remainder when 69 is divided by 24.
21
What is the remainder when 148 is divided by 75?
73
What is the remainder when 688 is divided by 41?
32
What is the remainder when 2297 is divided by 64?
57
Calculate the remainder when 157 is divided by 8.
5
Calculate the remainder when 266 is divided by 237.
29
Calculate the remainder when 238 is divided by 41.
33
Calculate the remainder when 1158 is divided by 14.
10
Calculate the remainder when 2303 is divided by 72.
71
Calculate the remainder when 167 is divided by 54.
5
Calculate the remainder when 81 is divided by 17.
13
Calculate the remainder when 316 is divided by 146.
24
What is the remainder when 23 is divided by 13?
10
What is the remainder when 2499 is divided by 41?
39
What is the remainder when 179 is divided by 56?
11
Calculate the remainder when 300 is divided by 291.
9
What is the remainder when 4518 is divided by 2254?
10
Calculate the remainder when 1687 is divided by 840.
7
Calculate the remainder when 453 is divided by 35.
33
Calculate the remainder when 125 is divided by 76.
49
What is the remainder when 143 is divided by 38?
29
Calculate the remainder when 2402 is divided by 28.
22
Calculate the remainder when 103 is divided by 48.
7
What is the remainder when 736 is divided by 348?
40
What is the remainder when 1326 is divided by 200?
126
Calculate the remainder when 5926 is divided by 49.
46
What is the remainder when 32 is divided by 2?
0
What is the remainder when 779 is divided by 79?
68
Calculate the remainder when 27 is divided by 7.
6
What is the remainder when 6554 is divided by 69?
68
What is the remainder when 707 is divided by 89?
84
Calculate the remainder when 34 is divided by 19.
15
What is the remainder when 339 is divided by 70?
59
Calculate the remainder when 528 is divided by 208.
112
What is the remainder when 2754 is divided by 84?
66
What is the remainder when 616 is divided by 10?
6
What is the remainder when 607 is divided by 33?
13
Calculate the remainder when 183 is divided by 67.
49
Calculate the remainder when 8973 is divided by 132.
129
What is the remainder when 64 is divided by 22?
20
What is the remainder when 85 is divided by 11?
8
Calculate the remainder when 10 is divided by 6.
4
What is the remainder when 1095 is divided by 29?
22
What is the remainder when 1511 is divided by 17?
15
What is the remainder when 2560 is divided by 122?
120
Calculate the remainder when 28 is divided by 24.
4
Calculate the remainder when 259 is divided by 26.
25
What is the remainder when 7970 is divided by 60?
50
Calculate the remainder when 165 is divided by 3.
0
Calculate the remainder when 5457 is divided by 21.
18
Calculate the remainder when 187 is divided by 88.
11
What is the remainder when 907 is divided by 24?
19
What is the remainder when 62 is divided by 19?
5
What is the remainder when 4758 is divided by 40?
38
What is the remainder when 408 is divided by 130?
18
Calculate the remainder when 650 is divided by 82.
76
What is the remainder when 1329 is divided by 23?
18
What is the remainder when 177 is divided by 20?
17
Calculate the remainder when 333 is divided by 20.
13
Calculate the remainder when 971 is divided by 38.
21
What is the remainder when 46 is divided by 25?
21
Calculate the remainder when 1379 is divided by 33.
26
What is the remainder when 69 is divided by 9?
6
Calculate the remainder when 271 is divided by 264.
7
Calculate the remainder when 6668 is divided by 115.
113
What is the remainder when 186 is divided by 23?
2
Calculate the remainder when 2021 is divided by 501.
17
Calculate the remainder when 247 is divided by 50.
47
Calculate the remainder when 127 is divided by 63.
1
Calculate the remainder when 22 is divided by 13.
9
What is the remainder when 302 is divided by 74?
6
What is the remainder when 3612 is divided by 213?
204
Calculate the remainder when 399 is divided by 67.
64
Calculate the remainder when 766 is divided by 154.
150
Calculate the remainder when 1060 is divided by 527.
6
What is the remainder when 45 is divided by 24?
21
Calculate the remainder when 622 is divided by 205.
7
Calculate the remainder when 3663 is divided by 282.
279
Calculate the remainder when 10987 is divided by 37.
35
Calculate the remainder when 140 is divided by 136.
4
What is the remainder when 2520 is divided by 361?
354
What is the remainder when 9595 is divided by 47?
7
What is the remainder when 355 is divided by 175?
5
What is the remainder when 1118 is divided by 19?
16
What is the remainder when 400 is divided by